be 1 + (k - 2) - (-17 - 6). Calculate the greatest common divisor of 36 and b.
12
Suppose 5*q = -2*r + 103, -q + 3*q + 138 = 2*r. Suppose 2*t + 3*g = 13, -6*g - 18 = -2*t - 4*g. What is the greatest common divisor of r and t?
8
Suppose 3*n + 5*o = 1512 - 531, o - 327 = -n. What is the highest common divisor of n and 3?
3
Let h = -1 + 5. Let s(b) = -b**3 - 13*b**2 - 13*b + 1. Let r be s(-12). Suppose h*y - 15 - r = 0. What is the highest common factor of 21 and y?
7
Let a(d) = -d**3 - 13*d**2 + 13*d - 13. Let u = 8 + -22. Let i be a(u). Calculate the highest common factor of 8 and i.
1
Suppose 0 = 5*l + b - 33, 13*l + 27 = 16*l - 3*b. Suppose 3*x = 4*x - 7. What is the greatest common divisor of x and l?
7
Let v = 1693 + -1057. What is the greatest common factor of v and 12?
12
Let j = -2 - -19. Let f = 6 - j. Let x = f + 29. Calculate the greatest common divisor of x and 198.
18
Let s(w) = -2*w + 34. Let c be s(17). Suppose c = 4*m + 2*k - 326, 2*m - 5*k = -k + 148. Calculate the greatest common divisor of m and 60.
20
Let v(d) = 47*d**2 + 5. Let b be v(2). Suppose 9*z - b = -76. Calculate the highest common factor of z and 13.
13
Let g(d) = d**3 + d**2 + 2*d. Let f be g(-2). Let t = f + 47. What is the greatest common factor of t and 429?
39
Suppose -t + 0 - 12 = 0. Let j be 8/t + 2/(-6). Let h be 155 - (-3 - -2)/j. Calculate the greatest common factor of h and 14.
14
Let m = 91 - 79. Calculate the greatest common divisor of 24 and m.
12
Suppose -24 = -59*a + 684. Let t = -36 + 52. What is the greatest common factor of a and t?
4
Let m = -6 + 16. Let a = 135 - 68. Let w = a + 13. What is the greatest common factor of m and w?
10
Let g = -1795 + 1812. Calculate the highest common factor of g and 17.
17
Suppose -4*b = -3*b - 121. Let n = -37 + 52. Suppose 4*z = n*z - 121. Calculate the highest common divisor of z and b.
11
Let p(c) = -97*c - 5. Let j be p(-2). Calculate the highest common divisor of 14 and j.
7
Let q be (56/(-21) + 2)/(4/(-18)). Suppose q*o - 38 = -4*i + 5*i, -o = -3*i - 26. What is the greatest common divisor of 11 and o?
11
Let r be ((-63)/27)/((-7)/2415). What is the highest common divisor of r and 21?
7
Let b(i) = 3*i - 42. Let v be b(13). Let z be 1 + -3 + (v - -7). What is the highest common factor of z and 2?
2
Suppose -22*q + 1515 = -575. What is the highest common divisor of q and 2565?
95
Let r(j) = -13*j - 7. Let b be r(-6). Let d = b + -51. Calculate the greatest common factor of d and 10.
10
Let h(n) = n**2 - 29*n - 6. Let v be h(31). What is the greatest common factor of 7 and v?
7
Let a = 44 + -40. Suppose -2*t + 24 = -2*s, 0 = 5*s - a - 11. Suppose w - 58 = 2. Calculate the greatest common divisor of t and w.
15
Suppose 20 = 5*m, 5*z - 13*m - 292 = -11*m. Calculate the highest common factor of z and 500.
20
Let c be 4*407*4/16. What is the greatest common factor of c and 44?
11
Suppose -x - 956 = -2*l + 3*x, -5*x - 5 = 0. Calculate the greatest common factor of 84 and l.
28
Let w be 1 - 55/65 - (-228)/39. Calculate the highest common factor of 14 and w.
2
Let o be ((-120)/(-18))/10*3. Calculate the greatest common divisor of 9 and o.
1
Let m be -27*(2 - (1 - -2)). Let n be (-378)/(-5)*5/2. Calculate the greatest common factor of m and n.
27
Let h(b) = 4*b + 0*b**2 - 9*b + 9*b**2 - b**3 + 6. Let d be h(4). Calculate the highest common factor of d and 44.
22
Let q = -220 - -208. Let r be (q/7)/(19/(-532)). Let l(t) = 15*t**3 + 1. Let b be l(1). Calculate the greatest common divisor of r and b.
16
Let a = -78 - -90. Let q be 4 - 0 - 1*13. Let r = q - -17. Calculate the greatest common divisor of r and a.
4
Let g(u) = 4*u**2 + 6*u + 35. Let o(r) = -5*r**2 - 5*r - 34. Let s(z) = 4*g(z) + 3*o(z). Let p be s(-10). Calculate the highest common factor of p and 32.
16
Suppose 3*c = -0*c + 129. Suppose -2*o + 36 = -x + 11, 4*o + 5*x - c = 0. Let f(g) = 23*g - 10. Let n be f(2). What is the greatest common factor of o and n?
12
Let m = -140 + 141. Calculate the highest common factor of 7 and m.
1
Let y be (2/(-2) + 3)*455. Let g be 2/9 - y/(-117). Calculate the greatest common divisor of g and 48.
8
Let m = -130 + 79. Let r be ((-34)/m)/(2/147). Let u be (-1 + -1)*14/(-4). What is the highest common divisor of u and r?
7
Let n = 572 + -568. What is the highest common factor of 68 and n?
4
Suppose 16*h - 26752 = -6*h. What is the highest common factor of h and 76?
76
Let r = -287 - -418. Suppose -2*w - i = -0*w - 125, -2*w + i + r = 0. What is the highest common divisor of w and 32?
32
Suppose -1037*m = -1036*m - 171. Calculate the greatest common factor of m and 18.
9
Let u = 15 + -11. Suppose 2 = u*n - 18. Suppose 3*b - 3 = 2*z + 6, -z + 15 = n*b. Calculate the greatest common factor of 9 and b.
3
Let p be (40/(-6))/((-5)/15). Suppose 6*s + 9 = 189. Let o = s - p. What is the highest common factor of o and 80?
10
Let r = 33 + -30. Let t(f) = 4 - 2*f**2 - 3*f + f**r + 4*f + 2*f. Let n be t(4). What is the greatest common factor of 12 and n?
12
Suppose -y + 205 = -5*h - 70, -4*y = 5*h - 1225. What is the greatest common divisor of y and 4?
4
Let g = -195 + 219. Calculate the highest common divisor of 6 and g.
6
Suppose 4*t - 3*t - 4*y = 1696, 0 = 2*y + 2. What is the greatest common divisor of t and 36?
36
Let l = 791 + -748. What is the highest common factor of 817 and l?
43
Suppose -333 = -9*d - 0*d. Suppose -d*z = -40*z + 570. Calculate the highest common divisor of z and 38.
38
Let r be 4*2/(-8) - (-292 + 2). What is the highest common factor of r and 51?
17
Suppose -5*l + 55 = -0*l. Let w be (-47)/(-4) + (-45)/(-20) + -3. Calculate the greatest common factor of l and w.
11
Suppose -5*f = -5*b - 40, -2*b - f - 2*f - 1 = 0. Let h be 187/55 + 2/b. Calculate the highest common divisor of h and 1.
1
Suppose -22 - 251 = -21*t. Calculate the highest common factor of 793 and t.
13
Suppose -4*x + 12 = -4*z, 5*z = -7*x + 5*x - 29. Let w be (14/z)/(5/25). Let t = -4 - w. What is the highest common divisor of 30 and t?
10
Let v(t) = 2*t**3 - 3*t**2 - 2*t + 5. Let q be v(5). Calculate the highest common divisor of 10 and q.
10
Let u = -387 - -411. What is the highest common divisor of 372 and u?
12
Let k = 399 - 353. What is the greatest common divisor of 690 and k?
46
Let t = -311 + 330. Calculate the highest common factor of t and 76.
19
Let p be (28/21)/(2/18). Let z(f) = 12*f**3 - f. Let r be z(1). Let m = -7 + r. What is the highest common divisor of m and p?
4
Suppose 0 = -3*z + 8*z. Suppose 2 = -z*m + 2*m. Let w be 9 + 32 + (m - 0). Calculate the highest common factor of 6 and w.
6
Let w(a) = 10*a + 1 - 7*a - 4*a + a**2. Let b(k) = 4*k**2 + 4*k - 1. Let g(t) = b(t) - 5*w(t). Let h be g(3). Calculate the greatest common factor of 24 and h.
12
Let r = -3 + 6. Let c = -3 + 19. Let b = 19 - c. What is the highest common divisor of r and b?
3
Let z(j) = 5*j + 12. Let f be z(-2). Calculate the highest common divisor of f and 2.
2
Suppose -r + 16 = 5*y, 3*y = 2*r + 4*y - 68. Suppose -f - 95 = -6*f - 5*w, 5*w = 4*f - 121. Calculate the greatest common factor of f and r.
12
Suppose 72 = 4*q - q. Let i(v) = -v**3 - 5*v**2 - 10*v - 9. Let h be i(-6). Suppose 0 = -10*w - 7 + h. Calculate the highest common factor of q and w.
8
Suppose 20 = 3*v - 2*s, 4*s = -2*v + 2*s. Suppose -18 = -0*m - m. Suppose l - m = 10. Calculate the greatest common divisor of l and v.
4
Let r = 17 + -5. Let c = r + -6. Let l = 23 - c. Calculate the greatest common divisor of l and 187.
17
Let r(c) = 27*c**3. Let x be r(2). What is the greatest common divisor of x and 27?
27
Let s = 518 + -385. What is the highest common factor of s and 76?
19
Let q be 42/5 - (-2)/(-5). Let j be (26/6 - 1)/(-22*30/(-7920)). Calculate the greatest common divisor of j and q.
8
Suppose -138 = -3*i - 26*k + 30*k, 2*i = -k + 103. Calculate the highest common factor of 90 and i.
10
Let x(m) be the third derivative of m**4/24 + 11*m**3/6 + 10*m**2. Let q be x(-10). What is the highest common divisor of q and 5?
1
Let f be (13 - 12)*(-306)/((-4)/2). Let n = 227 - f. What is the highest common divisor of 185 and n?
37
Suppose -9*p = 8*p - 765. What is the highest common divisor of 36 and p?
9
Suppose 174*b - 364 = 167*b. What is the greatest common divisor of 442 and b?
26
Let r be (